{"id":416,"date":"2022-09-03T12:28:28","date_gmt":"2022-09-03T12:28:28","guid":{"rendered":"https:\/\/brasriotintas.com.br\/?post_type=product&#038;p=416"},"modified":"2022-09-04T15:57:35","modified_gmt":"2022-09-04T15:57:35","slug":"verniz-acrilico-para-concreto-pedras-e-tijolos-base-agua","status":"publish","type":"product","link":"https:\/\/brasriotintas.com.br\/?product=verniz-acrilico-para-concreto-pedras-e-tijolos-base-agua","title":{"rendered":"Verniz Acr\u00edlico para Concreto, Pedras e Tijolos Base \u00c1gua"},"content":{"rendered":"<p><span style=\"vertical-align: inherit;\"><span style=\"vertical-align: inherit;\">O Verniz Acr\u00edlico deve ser utilizado para maior prote\u00e7\u00e3o e melhor nas paredes externas e interiores de concreto, pedra mineira, ard\u00f3sia e tijolo \u00e0 vista. <\/span><span style=\"vertical-align: inherit;\">Possui resist\u00eancia \u00e0 alcalinidade, \u00e0 a\u00e7\u00e3o da maresia e tamb\u00e9m ao sol e \u00e0 chuva. <\/span><span style=\"vertical-align: inherit;\">\u00c9 dificilmente lubrific\u00e1vel em \u00e1gua e, quando seco, beleza e facilidade maior para iluminar a superf\u00edcie.\u00a0<\/span><\/span><b><span style=\"vertical-align: inherit;\"><span style=\"vertical-align: inherit;\">Dilui\u00e7\u00e3o:<\/span><\/span><\/b><span style=\"vertical-align: inherit;\"><span style=\"vertical-align: inherit;\"> \u00a0Superf\u00edcies selecionadas (que j\u00e1 recebeu algum tipo de pintura ou selecionada): No m\u00e1ximo 10% de dilui\u00e7\u00e3o em \u00e1gua pot\u00e1vel. <\/span><span style=\"vertical-align: inherit;\">Superf\u00edcies n\u00e3o seladas: No m\u00e1ximo 30% de dilui\u00e7\u00e3o em \u00e1gua pot\u00e1vel.\u00a0<\/span><\/span><b><span style=\"vertical-align: inherit;\"><span style=\"vertical-align: inherit;\">Dem\u00e3os:<\/span><\/span><\/b><span style=\"vertical-align: inherit;\"><span style=\"vertical-align: inherit;\"> \u00a002 dem\u00e3os. <\/span><span style=\"vertical-align: inherit;\">pode ser necess\u00e1rio um n\u00famero maior de dem\u00e3os.\u00a0<\/span><\/span><b><span style=\"vertical-align: inherit;\"><span style=\"vertical-align: inherit;\">Secagem: Toque: 2 horas; <\/span><span style=\"vertical-align: inherit;\">Entre dem\u00e3os: 4 horas; <\/span><span style=\"vertical-align: inherit;\">Final: 4 horas.<\/span><\/span><\/b><\/p>\n","protected":false},"excerpt":{"rendered":"<p>O Verniz Acr\u00edlico deve ser utilizado para maior prote\u00e7\u00e3o e melhor nas paredes externas e interiores de concreto, pedra mineira, ard\u00f3sia e tijolo \u00e0 vista. Possui resist\u00eancia \u00e0 alcalinidade, \u00e0 a\u00e7\u00e3o da maresia e tamb\u00e9m ao sol e \u00e0 chuva. \u00c9 dificilmente lubrific\u00e1vel em \u00e1gua e, quando seco, beleza e facilidade maior para iluminar a&hellip;&nbsp;<\/p>\n","protected":false},"featured_media":417,"comment_status":"open","ping_status":"closed","template":"","meta":{"neve_meta_sidebar":"","neve_meta_container":"","neve_meta_enable_content_width":"off","neve_meta_content_width":100,"neve_meta_title_alignment":"","neve_meta_author_avatar":"","neve_post_elements_order":"","neve_meta_disable_header":"","neve_meta_disable_footer":"","neve_meta_disable_title":""},"product_brand":[],"product_cat":[19,20],"product_tag":[],"class_list":{"0":"post-416","1":"product","2":"type-product","3":"status-publish","4":"has-post-thumbnail","6":"product_cat-todas","7":"product_cat-tintas","9":"first","10":"instock","11":"shipping-taxable","12":"product-type-simple"},"_links":{"self":[{"href":"https:\/\/brasriotintas.com.br\/index.php?rest_route=\/wp\/v2\/product\/416","targetHints":{"allow":["GET"]}}],"collection":[{"href":"https:\/\/brasriotintas.com.br\/index.php?rest_route=\/wp\/v2\/product"}],"about":[{"href":"https:\/\/brasriotintas.com.br\/index.php?rest_route=\/wp\/v2\/types\/product"}],"replies":[{"embeddable":true,"href":"https:\/\/brasriotintas.com.br\/index.php?rest_route=%2Fwp%2Fv2%2Fcomments&post=416"}],"wp:featuredmedia":[{"embeddable":true,"href":"https:\/\/brasriotintas.com.br\/index.php?rest_route=\/wp\/v2\/media\/417"}],"wp:attachment":[{"href":"https:\/\/brasriotintas.com.br\/index.php?rest_route=%2Fwp%2Fv2%2Fmedia&parent=416"}],"wp:term":[{"taxonomy":"product_brand","embeddable":true,"href":"https:\/\/brasriotintas.com.br\/index.php?rest_route=%2Fwp%2Fv2%2Fproduct_brand&post=416"},{"taxonomy":"product_cat","embeddable":true,"href":"https:\/\/brasriotintas.com.br\/index.php?rest_route=%2Fwp%2Fv2%2Fproduct_cat&post=416"},{"taxonomy":"product_tag","embeddable":true,"href":"https:\/\/brasriotintas.com.br\/index.php?rest_route=%2Fwp%2Fv2%2Fproduct_tag&post=416"}],"curies":[{"name":"wp","href":"https:\/\/api.w.org\/{rel}","templated":true}]}}

Verniz Acrílico para Concreto, Pedras e Tijolos Base Água

<p><span style="vertical-align: inherit;"><span style="vertical-align: inherit;">O Verniz Acrílico deve ser utilizado para maior proteção e melhor nas paredes externas e interiores de concreto, pedra mineira, ardósia e tijolo à vista. </span><span style="vertical-align: inherit;">Possui resistência à alcalinidade, à ação da maresia e também ao sol e à chuva. </span><span style="vertical-align: inherit;">É dificilmente lubrificável em água e, quando seco, beleza e facilidade maior para iluminar a superfície. </span></span><b><span style="vertical-align: inherit;"><span style="vertical-align: inherit;">Diluição:</span></span></b><span style="vertical-align: inherit;"><span style="vertical-align: inherit;">  Superfícies selecionadas (que já recebeu algum tipo de pintura ou selecionada): No máximo 10% de diluição em água potável. </span><span style="vertical-align: inherit;">Superfícies não seladas: No máximo 30% de diluição em água potável. </span></span><b><span style="vertical-align: inherit;"><span style="vertical-align: inherit;">Demãos:</span></span></b><span style="vertical-align: inherit;"><span style="vertical-align: inherit;">  02 demãos. </span><span style="vertical-align: inherit;">pode ser necessário um número maior de demãos. </span></span><b><span style="vertical-align: inherit;"><span style="vertical-align: inherit;">Secagem: Toque: 2 horas; </span><span style="vertical-align: inherit;">Entre demãos: 4 horas; </span><span style="vertical-align: inherit;">Final: 4 horas.</span></span></b></p>

<p>O Verniz Acrílico deve ser utilizado para maior proteção e melhor nas paredes externas e interiores de concreto, pedra mineira, ardósia e tijolo à vista. Possui resistência à alcalinidade, à ação da maresia e também ao sol e à chuva. É dificilmente lubrificável em água e, quando seco, beleza e facilidade maior para iluminar a&hellip;&nbsp;</p>
