{"id":761,"date":"2022-09-19T13:44:08","date_gmt":"2022-09-19T13:44:08","guid":{"rendered":"https:\/\/brasriotintas.com.br\/?post_type=product&#038;p=761"},"modified":"2022-09-19T13:44:08","modified_gmt":"2022-09-19T13:44:08","slug":"espuma-expansiva-tek-bond","status":"publish","type":"product","link":"https:\/\/brasriotintas.com.br\/?product=espuma-expansiva-tek-bond","title":{"rendered":"Espuma Expansiva Tek Bond"},"content":{"rendered":"<div><span style=\"font-family: Verdana; font-size: small;\">A Espuma Expansiva\u00a0Geral 32<\/span>0G (500ml) Amarelada\u00a0Tekbond pode ser aplicada em rachaduras, juntas, v\u00e3os e espa\u00e7os ao redor de dutos de ventila\u00e7\u00e3o, ar condicionado, portas, janelas, paredes de concreto e alvenaria.<\/p>\n<p>Preenchimento imperme\u00e1vel de espa\u00e7os vazios, bloqueando a passagem de insetos e roedores. Usada para uso dom\u00e9stico e profissional pode ser facilmente cortada, lixada e pintada.<\/p><\/div>\n<div>\n<span style=\"font-family: Verdana; font-size: small;\">Presente no mercado desde 2002, a Tekbond \u00e9 uma empresa especializada na produ\u00e7\u00e3o e na importa\u00e7\u00e3o de produtos adesivos, adesivos instant\u00e2neos, selantes, travas qu\u00edmicas, silicones, entre outros. A marca oferece produtos que servem para uso dom\u00e9stico e industrial, atendendo aos mais diversos segmentos do mercado, como o da constru\u00e7\u00e3o civil, industrial, artesanato, moveleiro, automotivo e de consumo.<\/span><\/div>\n","protected":false},"excerpt":{"rendered":"<p>A Espuma Expansiva\u00a0Geral 320G (500ml) Amarelada\u00a0Tekbond pode ser aplicada em rachaduras, juntas, v\u00e3os e espa\u00e7os ao redor de dutos de ventila\u00e7\u00e3o, ar condicionado, portas, janelas, paredes de concreto e alvenaria. Preenchimento imperme\u00e1vel de espa\u00e7os vazios, bloqueando a passagem de insetos e roedores. Usada para uso dom\u00e9stico e profissional pode ser facilmente cortada, lixada e pintada.&hellip;&nbsp;<\/p>\n","protected":false},"featured_media":762,"comment_status":"open","ping_status":"closed","template":"","meta":{"neve_meta_sidebar":"","neve_meta_container":"","neve_meta_enable_content_width":"off","neve_meta_content_width":100,"neve_meta_title_alignment":"","neve_meta_author_avatar":"","neve_post_elements_order":"","neve_meta_disable_header":"","neve_meta_disable_footer":"","neve_meta_disable_title":""},"product_brand":[],"product_cat":[81],"product_tag":[],"class_list":{"0":"post-761","1":"product","2":"type-product","3":"status-publish","4":"has-post-thumbnail","6":"product_cat-revestimentos-e-impermeabilizantes","8":"first","9":"instock","10":"shipping-taxable","11":"product-type-simple"},"_links":{"self":[{"href":"https:\/\/brasriotintas.com.br\/index.php?rest_route=\/wp\/v2\/product\/761","targetHints":{"allow":["GET"]}}],"collection":[{"href":"https:\/\/brasriotintas.com.br\/index.php?rest_route=\/wp\/v2\/product"}],"about":[{"href":"https:\/\/brasriotintas.com.br\/index.php?rest_route=\/wp\/v2\/types\/product"}],"replies":[{"embeddable":true,"href":"https:\/\/brasriotintas.com.br\/index.php?rest_route=%2Fwp%2Fv2%2Fcomments&post=761"}],"wp:featuredmedia":[{"embeddable":true,"href":"https:\/\/brasriotintas.com.br\/index.php?rest_route=\/wp\/v2\/media\/762"}],"wp:attachment":[{"href":"https:\/\/brasriotintas.com.br\/index.php?rest_route=%2Fwp%2Fv2%2Fmedia&parent=761"}],"wp:term":[{"taxonomy":"product_brand","embeddable":true,"href":"https:\/\/brasriotintas.com.br\/index.php?rest_route=%2Fwp%2Fv2%2Fproduct_brand&post=761"},{"taxonomy":"product_cat","embeddable":true,"href":"https:\/\/brasriotintas.com.br\/index.php?rest_route=%2Fwp%2Fv2%2Fproduct_cat&post=761"},{"taxonomy":"product_tag","embeddable":true,"href":"https:\/\/brasriotintas.com.br\/index.php?rest_route=%2Fwp%2Fv2%2Fproduct_tag&post=761"}],"curies":[{"name":"wp","href":"https:\/\/api.w.org\/{rel}","templated":true}]}}