{"id":771,"date":"2022-09-19T14:02:59","date_gmt":"2022-09-19T14:02:59","guid":{"rendered":"https:\/\/brasriotintas.com.br\/?post_type=product&#038;p=771"},"modified":"2022-09-19T14:04:33","modified_gmt":"2022-09-19T14:04:33","slug":"771","status":"publish","type":"product","link":"https:\/\/brasriotintas.com.br\/?product=771","title":{"rendered":"Tinta Spray Colorgin"},"content":{"rendered":"<p><span class=\"sc-kDTinF cVybho\" data-testid=\"product-detail-title\"><span style=\"vertical-align: inherit;\"><span style=\"vertical-align: inherit;\">Tinta Spray Automotivo Colorgin Branco Brilhante 300ml<\/span><\/span><\/span><\/p>\n<div class=\"sc-hKwDye hgwTDs sc-gwNMUz bPzsrD\" data-testid=\"product-detail-description\">\n<div>\n<p><span style=\"vertical-align: inherit;\"><span style=\"vertical-align: inherit;\">COLORGIN LINHA AUTOMOTIVA<\/span><\/span><\/p>\n<p><span style=\"vertical-align: inherit;\"><span style=\"vertical-align: inherit;\">\u00c9 uma tinta em spray de alta qualidade, com cores correspondentes \u00e0s montadoras.<\/span><\/span><\/p>\n<p><span style=\"vertical-align: inherit;\"><span style=\"vertical-align: inherit;\">Prepara\u00e7\u00e3o da Superf\u00edcie \/ Aplica\u00e7\u00e3o:<\/span><\/span><\/p>\n<p><span style=\"vertical-align: inherit;\"><span style=\"vertical-align: inherit;\">Elimine a poeira, gordura ou qualquer contaminante; <\/span><\/span><br \/>\n<span style=\"vertical-align: inherit;\"><span style=\"vertical-align: inherit;\">Aplique massa r\u00e1pida de boa qualidade e espere secar, a fim de melhorar o nivelamento da superf\u00edcie; <\/span><\/span><br \/>\n<span style=\"vertical-align: inherit;\"><span style=\"vertical-align: inherit;\">Lixe com lixa d&#8217;\u00e1gua 320, seque bem e aplique COLORGIN USO GERAL PREMIUM PRIMER R\u00c1PIDO; <\/span><\/span><br \/>\n<span style=\"vertical-align: inherit;\"><span style=\"vertical-align: inherit;\">Ap\u00f3s a secagem a secagem com lixa d&#8217;\u00e1gua 4 at\u00e9 a superf\u00edcie ficar bem0 e lix0 at\u00e9 a superf\u00edcie ficar bem0 e lisa; <\/span><\/span><br \/>\n<span style=\"vertical-align: inherit;\"><span style=\"vertical-align: inherit;\">Aplique como dem\u00e3os do produto e espere secar.<\/span><\/span><\/p>\n<p><span style=\"vertical-align: inherit;\"><span style=\"vertical-align: inherit;\">Secagem: <\/span><\/span><br \/>\n<span style=\"vertical-align: inherit;\"><span style=\"vertical-align: inherit;\">Entre dem\u00e3os: 5 minutos; <\/span><\/span><br \/>\n<span style=\"vertical-align: inherit;\"><span style=\"vertical-align: inherit;\">Ao toque: 30 minutos; <\/span><\/span><br \/>\n<span style=\"vertical-align: inherit;\"><span style=\"vertical-align: inherit;\">Total: 24 horas.<\/span><\/span><\/p>\n<\/div>\n<\/div>\n","protected":false},"excerpt":{"rendered":"<p>Tinta Spray Automotivo Colorgin Branco Brilhante 300ml COLORGIN LINHA AUTOMOTIVA \u00c9 uma tinta em spray de alta qualidade, com cores correspondentes \u00e0s montadoras. Prepara\u00e7\u00e3o da Superf\u00edcie \/ Aplica\u00e7\u00e3o: Elimine a poeira, gordura ou qualquer contaminante; Aplique massa r\u00e1pida de boa qualidade e espere secar, a fim de melhorar o nivelamento da superf\u00edcie; Lixe com lixa&hellip;&nbsp;<\/p>\n","protected":false},"featured_media":772,"comment_status":"open","ping_status":"closed","template":"","meta":{"neve_meta_sidebar":"","neve_meta_container":"","neve_meta_enable_content_width":"off","neve_meta_content_width":100,"neve_meta_title_alignment":"","neve_meta_author_avatar":"","neve_post_elements_order":"","neve_meta_disable_header":"","neve_meta_disable_footer":"","neve_meta_disable_title":""},"product_brand":[],"product_cat":[80],"product_tag":[],"class_list":{"0":"post-771","1":"product","2":"type-product","3":"status-publish","4":"has-post-thumbnail","6":"product_cat-automotivo","8":"first","9":"instock","10":"shipping-taxable","11":"product-type-simple"},"_links":{"self":[{"href":"https:\/\/brasriotintas.com.br\/index.php?rest_route=\/wp\/v2\/product\/771","targetHints":{"allow":["GET"]}}],"collection":[{"href":"https:\/\/brasriotintas.com.br\/index.php?rest_route=\/wp\/v2\/product"}],"about":[{"href":"https:\/\/brasriotintas.com.br\/index.php?rest_route=\/wp\/v2\/types\/product"}],"replies":[{"embeddable":true,"href":"https:\/\/brasriotintas.com.br\/index.php?rest_route=%2Fwp%2Fv2%2Fcomments&post=771"}],"wp:featuredmedia":[{"embeddable":true,"href":"https:\/\/brasriotintas.com.br\/index.php?rest_route=\/wp\/v2\/media\/772"}],"wp:attachment":[{"href":"https:\/\/brasriotintas.com.br\/index.php?rest_route=%2Fwp%2Fv2%2Fmedia&parent=771"}],"wp:term":[{"taxonomy":"product_brand","embeddable":true,"href":"https:\/\/brasriotintas.com.br\/index.php?rest_route=%2Fwp%2Fv2%2Fproduct_brand&post=771"},{"taxonomy":"product_cat","embeddable":true,"href":"https:\/\/brasriotintas.com.br\/index.php?rest_route=%2Fwp%2Fv2%2Fproduct_cat&post=771"},{"taxonomy":"product_tag","embeddable":true,"href":"https:\/\/brasriotintas.com.br\/index.php?rest_route=%2Fwp%2Fv2%2Fproduct_tag&post=771"}],"curies":[{"name":"wp","href":"https:\/\/api.w.org\/{rel}","templated":true}]}}