{"id":780,"date":"2022-09-19T14:23:06","date_gmt":"2022-09-19T14:23:06","guid":{"rendered":"https:\/\/brasriotintas.com.br\/?post_type=product&#038;p=780"},"modified":"2022-09-19T14:23:06","modified_gmt":"2022-09-19T14:23:06","slug":"tinta-acrilica-semi-brilho-ext-int-glasu","status":"publish","type":"product","link":"https:\/\/brasriotintas.com.br\/?product=tinta-acrilica-semi-brilho-ext-int-glasu","title":{"rendered":"Tinta Acr\u00edlica Semi Brilho Ext\/Int. Glasu"},"content":{"rendered":"<p>GLASU! BRILHO PR\u00c1TICO<\/p>\n<p>Se manter sua casa renovada e curtir cada canto dela \u00e9 importante para voc\u00ea, fa\u00e7a chuva ou fa\u00e7a sol, a tinta Glasu! Brilho Pr\u00e1tico \u00e9 a escolha ideal para conquistar a praticidade de uma parede com remo\u00e7\u00e3o f\u00e1cil de sujeiras, resistente, sem cheiro e com brilho que dura muito mais.<\/p>\n<p>-Brilho que dura muito!<br \/>\n-Resiste \u00e0 a\u00e7\u00e3o do sol e da chuva<br \/>\n-F\u00e1cil remo\u00e7\u00e3o de sujeiras<\/p>\n","protected":false},"excerpt":{"rendered":"<p>GLASU! BRILHO PR\u00c1TICO Se manter sua casa renovada e curtir cada canto dela \u00e9 importante para voc\u00ea, fa\u00e7a chuva ou fa\u00e7a sol, a tinta Glasu! Brilho Pr\u00e1tico \u00e9 a escolha ideal para conquistar a praticidade de uma parede com remo\u00e7\u00e3o f\u00e1cil de sujeiras, resistente, sem cheiro e com brilho que dura muito mais. -Brilho que&hellip;&nbsp;<\/p>\n","protected":false},"featured_media":781,"comment_status":"open","ping_status":"closed","template":"","meta":{"neve_meta_sidebar":"","neve_meta_container":"","neve_meta_enable_content_width":"off","neve_meta_content_width":100,"neve_meta_title_alignment":"","neve_meta_author_avatar":"","neve_post_elements_order":"","neve_meta_disable_header":"","neve_meta_disable_footer":"","neve_meta_disable_title":""},"product_brand":[],"product_cat":[19,20,91],"product_tag":[],"class_list":{"0":"post-780","1":"product","2":"type-product","3":"status-publish","4":"has-post-thumbnail","6":"product_cat-todas","7":"product_cat-tintas","8":"product_cat-tintas-imobiliarias","10":"first","11":"instock","12":"shipping-taxable","13":"product-type-simple"},"_links":{"self":[{"href":"https:\/\/brasriotintas.com.br\/index.php?rest_route=\/wp\/v2\/product\/780","targetHints":{"allow":["GET"]}}],"collection":[{"href":"https:\/\/brasriotintas.com.br\/index.php?rest_route=\/wp\/v2\/product"}],"about":[{"href":"https:\/\/brasriotintas.com.br\/index.php?rest_route=\/wp\/v2\/types\/product"}],"replies":[{"embeddable":true,"href":"https:\/\/brasriotintas.com.br\/index.php?rest_route=%2Fwp%2Fv2%2Fcomments&post=780"}],"wp:featuredmedia":[{"embeddable":true,"href":"https:\/\/brasriotintas.com.br\/index.php?rest_route=\/wp\/v2\/media\/781"}],"wp:attachment":[{"href":"https:\/\/brasriotintas.com.br\/index.php?rest_route=%2Fwp%2Fv2%2Fmedia&parent=780"}],"wp:term":[{"taxonomy":"product_brand","embeddable":true,"href":"https:\/\/brasriotintas.com.br\/index.php?rest_route=%2Fwp%2Fv2%2Fproduct_brand&post=780"},{"taxonomy":"product_cat","embeddable":true,"href":"https:\/\/brasriotintas.com.br\/index.php?rest_route=%2Fwp%2Fv2%2Fproduct_cat&post=780"},{"taxonomy":"product_tag","embeddable":true,"href":"https:\/\/brasriotintas.com.br\/index.php?rest_route=%2Fwp%2Fv2%2Fproduct_tag&post=780"}],"curies":[{"name":"wp","href":"https:\/\/api.w.org\/{rel}","templated":true}]}}