{"id":782,"date":"2022-09-19T14:24:48","date_gmt":"2022-09-19T14:24:48","guid":{"rendered":"https:\/\/brasriotintas.com.br\/?post_type=product&#038;p=782"},"modified":"2022-09-19T14:24:48","modified_gmt":"2022-09-19T14:24:48","slug":"selador-acrilico-coral","status":"publish","type":"product","link":"https:\/\/brasriotintas.com.br\/?product=selador-acrilico-coral","title":{"rendered":"Selador Acr\u00edlico Coral"},"content":{"rendered":"<p>O Selador Acr\u00edlico de Paredes Branco de 18 Litros da Coral \u00e9 recomendado para novas paredes por proporcionar selamento e uniformiza\u00e7\u00e3o em superf\u00edcies de alvenaria tanto internas quanto externas.<\/p>\n<p>A lata de 18 litros cobre cerca de 100m\u00b2 e tem secagem r\u00e1pida ao toque de 30 minutos, com secagem final de cerca de 5 horas.<\/p>\n<p>A Coral \u00e9 uma marca do Grupo AkzoNobel, uma companhia global l\u00edder em tintas e revestimentos e uma das principais produtoras de especialidades qu\u00edmicas, fornecendo ingredientes, prote\u00e7\u00e3o e cores essenciais para ind\u00fastrias e consumidores em todo o mundo.<\/p>\n","protected":false},"excerpt":{"rendered":"<p>O Selador Acr\u00edlico de Paredes Branco de 18 Litros da Coral \u00e9 recomendado para novas paredes por proporcionar selamento e uniformiza\u00e7\u00e3o em superf\u00edcies de alvenaria tanto internas quanto externas. A lata de 18 litros cobre cerca de 100m\u00b2 e tem secagem r\u00e1pida ao toque de 30 minutos, com secagem final de cerca de 5 horas.&hellip;&nbsp;<\/p>\n","protected":false},"featured_media":783,"comment_status":"open","ping_status":"closed","template":"","meta":{"neve_meta_sidebar":"","neve_meta_container":"","neve_meta_enable_content_width":"off","neve_meta_content_width":100,"neve_meta_title_alignment":"","neve_meta_author_avatar":"","neve_post_elements_order":"","neve_meta_disable_header":"","neve_meta_disable_footer":"","neve_meta_disable_title":""},"product_brand":[],"product_cat":[19,20,91],"product_tag":[],"class_list":{"0":"post-782","1":"product","2":"type-product","3":"status-publish","4":"has-post-thumbnail","6":"product_cat-todas","7":"product_cat-tintas","8":"product_cat-tintas-imobiliarias","10":"first","11":"instock","12":"shipping-taxable","13":"product-type-simple"},"_links":{"self":[{"href":"https:\/\/brasriotintas.com.br\/index.php?rest_route=\/wp\/v2\/product\/782","targetHints":{"allow":["GET"]}}],"collection":[{"href":"https:\/\/brasriotintas.com.br\/index.php?rest_route=\/wp\/v2\/product"}],"about":[{"href":"https:\/\/brasriotintas.com.br\/index.php?rest_route=\/wp\/v2\/types\/product"}],"replies":[{"embeddable":true,"href":"https:\/\/brasriotintas.com.br\/index.php?rest_route=%2Fwp%2Fv2%2Fcomments&post=782"}],"wp:featuredmedia":[{"embeddable":true,"href":"https:\/\/brasriotintas.com.br\/index.php?rest_route=\/wp\/v2\/media\/783"}],"wp:attachment":[{"href":"https:\/\/brasriotintas.com.br\/index.php?rest_route=%2Fwp%2Fv2%2Fmedia&parent=782"}],"wp:term":[{"taxonomy":"product_brand","embeddable":true,"href":"https:\/\/brasriotintas.com.br\/index.php?rest_route=%2Fwp%2Fv2%2Fproduct_brand&post=782"},{"taxonomy":"product_cat","embeddable":true,"href":"https:\/\/brasriotintas.com.br\/index.php?rest_route=%2Fwp%2Fv2%2Fproduct_cat&post=782"},{"taxonomy":"product_tag","embeddable":true,"href":"https:\/\/brasriotintas.com.br\/index.php?rest_route=%2Fwp%2Fv2%2Fproduct_tag&post=782"}],"curies":[{"name":"wp","href":"https:\/\/api.w.org\/{rel}","templated":true}]}}