{"id":784,"date":"2022-09-19T14:26:17","date_gmt":"2022-09-19T14:26:17","guid":{"rendered":"https:\/\/brasriotintas.com.br\/?post_type=product&#038;p=784"},"modified":"2022-09-19T14:26:17","modified_gmt":"2022-09-19T14:26:17","slug":"selador-acrilico-sivinil","status":"publish","type":"product","link":"https:\/\/brasriotintas.com.br\/?product=selador-acrilico-sivinil","title":{"rendered":"Selador Acr\u00edlico Sivinil"},"content":{"rendered":"<p>O Selador Acr\u00edlico para Parede Branco 18 Litros da Suvinil \u00e9 o complemento ideal para uma parede nunca pintada.<\/p>\n<p>Ao aplicar o selador acr\u00edlico antes da pintura, voc\u00ea garante uma parede uniforme, f\u00e1cil aplica\u00e7\u00e3o da massa corrida e maior rendimento da tinta.<\/p>\n<p>A Suvinil \u00e9 uma das maiores fabricantes de tintas imobili\u00e1rias do Brasil, pertencente ao grupo Basf. A empresa produz uma linha completa de produtos para o pa\u00eds e exporta para diversos pa\u00edses do mundo. O maior centro produtivo da Basf na Am\u00e9rica do Sul est\u00e1 localizado em S\u00e3o Bernardo do Campo e em Pernambuco, a f\u00e1brica que \u00e9 refer\u00eancia em qualidade, seguran\u00e7a e limpeza.<\/p>\n","protected":false},"excerpt":{"rendered":"<p>O Selador Acr\u00edlico para Parede Branco 18 Litros da Suvinil \u00e9 o complemento ideal para uma parede nunca pintada. Ao aplicar o selador acr\u00edlico antes da pintura, voc\u00ea garante uma parede uniforme, f\u00e1cil aplica\u00e7\u00e3o da massa corrida e maior rendimento da tinta. A Suvinil \u00e9 uma das maiores fabricantes de tintas imobili\u00e1rias do Brasil, pertencente&hellip;&nbsp;<\/p>\n","protected":false},"featured_media":785,"comment_status":"open","ping_status":"closed","template":"","meta":{"neve_meta_sidebar":"","neve_meta_container":"","neve_meta_enable_content_width":"off","neve_meta_content_width":100,"neve_meta_title_alignment":"","neve_meta_author_avatar":"","neve_post_elements_order":"","neve_meta_disable_header":"","neve_meta_disable_footer":"","neve_meta_disable_title":""},"product_brand":[],"product_cat":[19,20,91],"product_tag":[],"class_list":{"0":"post-784","1":"product","2":"type-product","3":"status-publish","4":"has-post-thumbnail","6":"product_cat-todas","7":"product_cat-tintas","8":"product_cat-tintas-imobiliarias","10":"first","11":"instock","12":"shipping-taxable","13":"product-type-simple"},"_links":{"self":[{"href":"https:\/\/brasriotintas.com.br\/index.php?rest_route=\/wp\/v2\/product\/784","targetHints":{"allow":["GET"]}}],"collection":[{"href":"https:\/\/brasriotintas.com.br\/index.php?rest_route=\/wp\/v2\/product"}],"about":[{"href":"https:\/\/brasriotintas.com.br\/index.php?rest_route=\/wp\/v2\/types\/product"}],"replies":[{"embeddable":true,"href":"https:\/\/brasriotintas.com.br\/index.php?rest_route=%2Fwp%2Fv2%2Fcomments&post=784"}],"wp:featuredmedia":[{"embeddable":true,"href":"https:\/\/brasriotintas.com.br\/index.php?rest_route=\/wp\/v2\/media\/785"}],"wp:attachment":[{"href":"https:\/\/brasriotintas.com.br\/index.php?rest_route=%2Fwp%2Fv2%2Fmedia&parent=784"}],"wp:term":[{"taxonomy":"product_brand","embeddable":true,"href":"https:\/\/brasriotintas.com.br\/index.php?rest_route=%2Fwp%2Fv2%2Fproduct_brand&post=784"},{"taxonomy":"product_cat","embeddable":true,"href":"https:\/\/brasriotintas.com.br\/index.php?rest_route=%2Fwp%2Fv2%2Fproduct_cat&post=784"},{"taxonomy":"product_tag","embeddable":true,"href":"https:\/\/brasriotintas.com.br\/index.php?rest_route=%2Fwp%2Fv2%2Fproduct_tag&post=784"}],"curies":[{"name":"wp","href":"https:\/\/api.w.org\/{rel}","templated":true}]}}